{"id":6106,"date":"2025-06-02T20:47:52","date_gmt":"2025-06-02T23:47:52","guid":{"rendered":"https:\/\/1ogro.com\/projects\/degenerauerj\/?page_id=6106"},"modified":"2025-08-04T22:10:19","modified_gmt":"2025-08-05T01:10:19","slug":"consentimento","status":"publish","type":"page","link":"https:\/\/1ogro.com\/projects\/degenerauerj\/consentimento\/","title":{"rendered":"Consentimento"},"content":{"rendered":"[vc_row type=&#8221;full_width_background&#8221; full_screen_row_position=&#8221;middle&#8221; column_margin=&#8221;default&#8221; column_direction=&#8221;default&#8221; column_direction_tablet=&#8221;default&#8221; column_direction_phone=&#8221;default&#8221; scene_position=&#8221;center&#8221; top_padding=&#8221;8%&#8221; bottom_padding=&#8221;7%&#8221; text_color=&#8221;dark&#8221; text_align=&#8221;left&#8221; row_border_radius=&#8221;none&#8221; row_border_radius_applies=&#8221;bg&#8221; overflow=&#8221;visible&#8221; id=&#8221;about-text&#8221; overlay_strength=&#8221;1&#8243; gradient_direction=&#8221;left_to_right&#8221; shape_divider_position=&#8221;bottom&#8221; bg_image_animation=&#8221;none&#8221; shape_type=&#8221;&#8221; gradient_type=&#8221;default&#8221;][vc_column column_padding=&#8221;no-extra-padding&#8221; column_padding_tablet=&#8221;inherit&#8221; column_padding_phone=&#8221;inherit&#8221; column_padding_position=&#8221;all&#8221; column_element_direction_desktop=&#8221;default&#8221; column_element_spacing=&#8221;default&#8221; desktop_text_alignment=&#8221;default&#8221; tablet_text_alignment=&#8221;default&#8221; phone_text_alignment=&#8221;default&#8221; background_color_opacity=&#8221;1&#8243; background_hover_color_opacity=&#8221;1&#8243; column_backdrop_filter=&#8221;none&#8221; column_shadow=&#8221;none&#8221; column_border_radius=&#8221;none&#8221; column_link_target=&#8221;_self&#8221; column_position=&#8221;default&#8221; gradient_direction=&#8221;left_to_right&#8221; overlay_strength=&#8221;0.3&#8243; width=&#8221;1\/1&#8243; tablet_width_inherit=&#8221;default&#8221; animation_type=&#8221;default&#8221; enable_animation=&#8221;true&#8221; animation=&#8221;fade-in-from-bottom&#8221; animation_easing=&#8221;default&#8221; bg_image_animation=&#8221;none&#8221; border_type=&#8221;simple&#8221; column_border_width=&#8221;none&#8221; column_border_style=&#8221;solid&#8221;][nectar_highlighted_text color_type=&#8221;regular&#8221; highlight_color=&#8221;#f7a000&#8243; style=&#8221;half_text&#8221; text_direction=&#8221;default&#8221;]\n<h2><em>Consentimento<\/em><\/h2>\n[\/nectar_highlighted_text][vc_row_inner column_margin=&#8221;default&#8221; column_direction=&#8221;default&#8221; column_direction_tablet=&#8221;default&#8221; column_direction_phone=&#8221;default&#8221; text_align=&#8221;left&#8221; row_position=&#8221;default&#8221; row_position_tablet=&#8221;inherit&#8221; row_position_phone=&#8221;inherit&#8221; overflow=&#8221;visible&#8221; pointer_events=&#8221;all&#8221;][vc_column_inner column_padding=&#8221;padding-3-percent&#8221; column_padding_tablet=&#8221;inherit&#8221; column_padding_phone=&#8221;inherit&#8221; column_padding_position=&#8221;top-bottom&#8221; column_element_direction_desktop=&#8221;default&#8221; column_element_spacing=&#8221;default&#8221; desktop_text_alignment=&#8221;default&#8221; tablet_text_alignment=&#8221;default&#8221; phone_text_alignment=&#8221;default&#8221; background_color_opacity=&#8221;1&#8243; background_hover_color_opacity=&#8221;1&#8243; column_backdrop_filter=&#8221;none&#8221; column_shadow=&#8221;none&#8221; column_border_radius=&#8221;none&#8221; column_link_target=&#8221;_self&#8221; overflow=&#8221;visible&#8221; gradient_direction=&#8221;left_to_right&#8221; overlay_strength=&#8221;0.3&#8243; width=&#8221;1\/2&#8243; tablet_width_inherit=&#8221;default&#8221; animation_type=&#8221;default&#8221; enable_animation=&#8221;true&#8221; animation=&#8221;fade-in-from-bottom&#8221; animation_easing=&#8221;default&#8221; bg_image_animation=&#8221;none&#8221; border_type=&#8221;simple&#8221; column_border_width=&#8221;none&#8221; column_border_style=&#8221;solid&#8221;][vc_column_text css=&#8221;.vc_custom_1754355032294{padding-right: 10% !important;}&#8221; text_direction=&#8221;default&#8221;]<span style=\"font-weight: 400;\">Neste Guia de Atividades, a ideia de consentimento inclui a discuss\u00e3o da autonomia sobre o pr\u00f3prio corpo. Contudo, o consentimento vai al\u00e9m da escolha individualizada, racional e deliberada entre um \u201csim\u201d ou \u201cn\u00e3o\u201d, porque esta forma de pensar acaba excluindo certos grupos ou pessoas de exercitarem e acessarem o consentimento em suas rela\u00e7\u00f5es e experi\u00eancias. Assim, consideramos o consentimento de maneira relacional, contextualizada e interseccional, o que significa refletir sobre diferentes corpos, pr\u00e1ticas e rela\u00e7\u00f5es de poder em jogo em cada contexto. Especialmente quando pensamos a discuss\u00e3o sobre consentimento com crian\u00e7as e adolescente, \u00e9 preciso incluir as forma\u00e7\u00f5es familiares e o contexto escolar em que est\u00e3o inseridas\/os, al\u00e9m de considerar como ra\u00e7a, g\u00eanero, sexualidade, classe, territ\u00f3rio, defici\u00eancia, entre outros marcadores sociais da diferen\u00e7a, est\u00e3o presentes em seu cotidiano. O contexto em que o consentimento ir\u00e1 (ou n\u00e3o) se produzir nos ajuda\u00a0 a entender o que facilita e o que dificulta, em situa\u00e7\u00e3o e na rela\u00e7\u00e3o com o outro, consentir. Um aspecto importante desse debate \u00e9 n\u00e3o reduzirmos o entendimento do consentimento a suas formas verbais e taxativas de \u201csim\u201d e \u201cn\u00e3o\u201d, porque essa compreens\u00e3o restrita de consentimento pode ser capacitista e n\u00e3o incluir situa\u00e7\u00f5es diversas que extrapolam respostas fechadas e assertivas. <\/span>[\/vc_column_text][\/vc_column_inner][vc_column_inner column_padding=&#8221;padding-3-percent&#8221; column_padding_tablet=&#8221;inherit&#8221; column_padding_phone=&#8221;inherit&#8221; column_padding_position=&#8221;top-bottom&#8221; column_element_direction_desktop=&#8221;default&#8221; column_element_spacing=&#8221;default&#8221; desktop_text_alignment=&#8221;default&#8221; tablet_text_alignment=&#8221;default&#8221; phone_text_alignment=&#8221;default&#8221; background_color_opacity=&#8221;1&#8243; background_hover_color_opacity=&#8221;1&#8243; column_backdrop_filter=&#8221;none&#8221; column_shadow=&#8221;none&#8221; column_border_radius=&#8221;none&#8221; column_link_target=&#8221;_self&#8221; overflow=&#8221;visible&#8221; gradient_direction=&#8221;left_to_right&#8221; overlay_strength=&#8221;0.3&#8243; width=&#8221;1\/2&#8243; tablet_width_inherit=&#8221;default&#8221; animation_type=&#8221;default&#8221; enable_animation=&#8221;true&#8221; animation=&#8221;fade-in-from-bottom&#8221; animation_easing=&#8221;default&#8221; bg_image_animation=&#8221;none&#8221; border_type=&#8221;simple&#8221; column_border_width=&#8221;none&#8221; column_border_style=&#8221;solid&#8221; delay=&#8221;100&#8243;][vc_column_text css=&#8221;.vc_custom_1754355018409{padding-right: 10% !important;}&#8221; text_direction=&#8221;default&#8221;]<span style=\"font-weight: 400;\">A discuss\u00e3o sobre consentimento deve levar em conta as rela\u00e7\u00f5es de poder. A diferen\u00e7a geracional coloca adultos, crian\u00e7as e adolescentes em posi\u00e7\u00f5es assim\u00e9tricas, inevitavelmente. Reconhecer a responsabilidade geracional de adultos em rela\u00e7\u00e3o aos mais jovens n\u00e3o significa manter a l\u00f3gica adultoc\u00eantrica de vigil\u00e2ncia e silenciamento, mas entender que o cuidado implica em pensar o que pode ser consentido por crian\u00e7as e adolescentes e o que demanda a media\u00e7\u00e3o e o acompanhamento de adultos, entendendo que esses limites podem variar e ser tensionandos em diferentes arranjos. Por fim, destacamos a import\u00e2ncia de que crian\u00e7as e adolescentes possam ser acompanhados\/as por pessoas adultas engajadas com a produ\u00e7\u00e3o de cuidado e prote\u00e7\u00e3o, que respeitem a alteridade e diferentes limites e escolhas e que incentivem crian\u00e7as e adolescentes a pensar e falar sobre limites e desejos na rela\u00e7\u00e3o com o outro, uma vez que estes se produzem em situa\u00e7\u00e3o.<\/span>[\/vc_column_text][\/vc_column_inner][\/vc_row_inner][\/vc_column][\/vc_row][vc_row type=&#8221;full_width_background&#8221; full_screen_row_position=&#8221;middle&#8221; column_margin=&#8221;default&#8221; equal_height=&#8221;yes&#8221; content_placement=&#8221;middle&#8221; column_direction=&#8221;default&#8221; column_direction_tablet=&#8221;default&#8221; column_direction_phone=&#8221;default&#8221; bg_color=&#8221;#f7a000&#8243; scene_position=&#8221;center&#8221; top_padding=&#8221;8%&#8221; bottom_padding=&#8221;3%&#8221; text_color=&#8221;dark&#8221; text_align=&#8221;left&#8221; row_border_radius=&#8221;none&#8221; row_border_radius_applies=&#8221;bg&#8221; overflow=&#8221;visible&#8221; id=&#8221;steps&#8221; row_name=&#8221;Sign Up Steps&#8221; overlay_strength=&#8221;0.3&#8243; gradient_direction=&#8221;left_to_right&#8221; shape_divider_position=&#8221;bottom&#8221; bg_image_animation=&#8221;none&#8221; shape_type=&#8221;&#8221; gradient_type=&#8221;default&#8221;][vc_column column_padding=&#8221;padding-2-percent&#8221; column_padding_tablet=&#8221;inherit&#8221; column_padding_phone=&#8221;inherit&#8221; column_padding_position=&#8221;top-bottom&#8221; column_element_direction_desktop=&#8221;default&#8221; column_element_spacing=&#8221;default&#8221; desktop_text_alignment=&#8221;default&#8221; tablet_text_alignment=&#8221;default&#8221; phone_text_alignment=&#8221;default&#8221; background_color_opacity=&#8221;1&#8243; background_hover_color_opacity=&#8221;1&#8243; column_backdrop_filter=&#8221;none&#8221; column_shadow=&#8221;none&#8221; column_border_radius=&#8221;none&#8221; column_link_target=&#8221;_self&#8221; column_position=&#8221;default&#8221; gradient_direction=&#8221;left_to_right&#8221; overlay_strength=&#8221;0.3&#8243; width=&#8221;1\/1&#8243; tablet_width_inherit=&#8221;default&#8221; animation_type=&#8221;default&#8221; bg_image_animation=&#8221;none&#8221; border_type=&#8221;simple&#8221; column_border_width=&#8221;none&#8221; column_border_style=&#8221;solid&#8221; offset=&#8221;vc_col-xs-12&#8243;][nectar_icon_list animate=&#8221;true&#8221; color=&#8221;default&#8221; direction=&#8221;horizontal&#8221; columns=&#8221;3&#8243; icon_size=&#8221;small&#8221; icon_style=&#8221;border&#8221;][nectar_icon_list_item icon_type=&#8221;numerical&#8221; text_full_html=&#8221;html&#8221; title=&#8221;List Item&#8221; id=&#8221;1754356194986-1&#8243; tab_id=&#8221;1754356194987-7&#8243; header=&#8221;Desenho Coletivo&#8221;]\n<p><b>Objetivo: <\/b><span style=\"font-weight: 400;\">Trabalhar as rela\u00e7\u00f5es entre as pessoas participantes, bem como a coopera\u00e7\u00e3o. Construir um desenho\u00a0 a ser experimentado como coletivo ao inv\u00e9s de um produto individual. A atividade pode ser uma oportunidade para abordar conflitos vividos no grupo, tematizando sua dimens\u00e3o coletiva.<\/span><\/p>\n<a class=\"nectar-button n-sc-button small see-through\"  href=\"https:\/\/1ogro.com\/projects\/degenerauerj\/guia-de-atividades\/desenho-coletivo\/\" data-color-override=\"false\" data-hover-color-override=\"false\" data-hover-text-color-override=\"#fff\"><span>Ver atividade<\/span><\/a>[\/nectar_icon_list_item][nectar_icon_list_item icon_type=&#8221;numerical&#8221; text_full_html=&#8221;html&#8221; title=&#8221;List Item&#8221; id=&#8221;1754356195010-1&#8243; header=&#8221;Pessoas e coisas&#8221; tab_id=&#8221;1754356195011-4&#8243;]\n<p><strong>Objetivo: <\/strong>Facilitar o reconhecimento da exist\u00eancia de rela\u00e7\u00f5es de poder e seu impacto sobre as pessoas e seus relacionamentos.<\/p>\n<a class=\"nectar-button n-sc-button small see-through\"  href=\"https:\/\/1ogro.com\/projects\/degenerauerj\/guia-de-atividades\/pessoas-e-coisas\/\" data-color-override=\"false\" data-hover-color-override=\"false\" data-hover-text-color-override=\"#fff\"><span>Ver atividade<\/span><\/a>[\/nectar_icon_list_item][nectar_icon_list_item icon_type=&#8221;numerical&#8221; text_full_html=&#8221;html&#8221; title=&#8221;List Item&#8221; id=&#8221;1754356195024-2&#8243; header=&#8221;Pepinos e Abobrinhas&#8221; tab_id=&#8221;1754356195024-7&#8243;]\n<p>Objetivo: Conhecer os diferentes tipos de preservativos, conversar sobre seus usos, tirar d\u00favidas e estimular a intimidade dos participantes com o material.<\/p>\n<a class=\"nectar-button n-sc-button small see-through\"  href=\"https:\/\/1ogro.com\/projects\/degenerauerj\/guia-de-atividades\/pepinos-e-abobrinhas\" data-color-override=\"false\" data-hover-color-override=\"false\" data-hover-text-color-override=\"#fff\"><span>Ver atividade<\/span><\/a>[\/nectar_icon_list_item][nectar_icon_list_item icon_type=&#8221;numerical&#8221; text_full_html=&#8221;html&#8221; title=&#8221;List Item&#8221; id=&#8221;1754356195039-7&#8243; header=&#8221;Posso te visitar?&#8221; tab_id=&#8221;1754356195039-1&#8243;]\n<p>Objetivo: Explorar com a turma a import\u00e2ncia do consentimento e respeito nas rela\u00e7\u00f5es interpessoais, trabalhando no\u00e7\u00f5es de espa\u00e7o e corpo. Debater sobre a indispensabilidade da comunica\u00e7\u00e3o nos relacionamentos. Tornar f\u00edsico e visual, atrav\u00e9s do brincar, no\u00e7\u00f5es como a import\u00e2ncia da troca e da escuta do outro, seus limites e desejos, sendo esses condutores para a discuss\u00e3o\/entendimento do tema.<\/p>\n<a class=\"nectar-button n-sc-button small see-through\"  href=\"https:\/\/1ogro.com\/projects\/degenerauerj\/guia-de-atividades\/posso-te-visitar\/\" data-color-override=\"false\" data-hover-color-override=\"false\" data-hover-text-color-override=\"#fff\"><span>Ver atividade<\/span><\/a>[\/nectar_icon_list_item][nectar_icon_list_item icon_type=&#8221;numerical&#8221; text_full_html=&#8221;html&#8221; title=&#8221;List Item&#8221; id=&#8221;1754356195046-0&#8243; header=&#8221;Preparando um guaran\u00e1 natural&#8221; tab_id=&#8221;1754356195047-6&#8243;]\n<p>Objetivo: Discutir com a turma a import\u00e2ncia do consentimento nas rela\u00e7\u00f5es, considerando as rela\u00e7\u00f5es de amizade e afetivo-sexuais. Debater sobre a viol\u00eancia nas quest\u00f5es de g\u00eanero, o direito ao pr\u00f3prio corpo, a import\u00e2ncia do di\u00e1logo nos relacionamentos; trabalhar vulnerabilidades e a escuta.<\/p>\n<a class=\"nectar-button n-sc-button small see-through\"  href=\"https:\/\/1ogro.com\/projects\/degenerauerj\/guia-de-atividades\/preparando-um-guarana-natural\" data-color-override=\"false\" data-hover-color-override=\"false\" data-hover-text-color-override=\"#fff\"><span>Ver atividade<\/span><\/a>[\/nectar_icon_list_item][nectar_icon_list_item icon_type=&#8221;numerical&#8221; text_full_html=&#8221;html&#8221; title=&#8221;List Item&#8221; id=&#8221;1754356195055-0&#8243; header=&#8221;Situa\u00e7\u00f5es&#8221; tab_id=&#8221;1754356195056-9&#8243;]\n<p><strong>Objetivo:<\/strong> Promover a discuss\u00e3o coletiva a respeito de quest\u00f5es sens\u00edveis ao grupo, partindo de situa\u00e7\u00f5es fict\u00edcias.<\/p>\n<a class=\"nectar-button n-sc-button small see-through\"  href=\"https:\/\/1ogro.com\/projects\/degenerauerj\/guia-de-atividades\/situacoes\" data-color-override=\"false\" data-hover-color-override=\"false\" data-hover-text-color-override=\"#fff\"><span>Ver atividade<\/span><\/a>[\/nectar_icon_list_item][\/nectar_icon_list][\/vc_column][\/vc_row]\n","protected":false},"excerpt":{"rendered":"<p>[vc_row type=&#8221;full_width_background&#8221; full_screen_row_position=&#8221;middle&#8221; column_margin=&#8221;default&#8221; column_direction=&#8221;default&#8221; column_direction_tablet=&#8221;default&#8221; column_direction_phone=&#8221;default&#8221; scene_position=&#8221;center&#8221; top_padding=&#8221;8%&#8221; bottom_padding=&#8221;7%&#8221; text_color=&#8221;dark&#8221; text_align=&#8221;left&#8221; row_border_radius=&#8221;none&#8221; row_border_radius_applies=&#8221;bg&#8221; overflow=&#8221;visible&#8221; id=&#8221;about-text&#8221; overlay_strength=&#8221;1&#8243; gradient_direction=&#8221;left_to_right&#8221; shape_divider_position=&#8221;bottom&#8221; bg_image_animation=&#8221;none&#8221; shape_type=&#8221;&#8221; gradient_type=&#8221;default&#8221;][vc_column column_padding=&#8221;no-extra-padding&#8221; column_padding_tablet=&#8221;inherit&#8221; column_padding_phone=&#8221;inherit&#8221;&#8230;<\/p>\n","protected":false},"author":1,"featured_media":0,"parent":0,"menu_order":0,"comment_status":"closed","ping_status":"closed","template":"","meta":{"inline_featured_image":false,"footnotes":""},"class_list":["post-6106","page","type-page","status-publish"],"_links":{"self":[{"href":"https:\/\/1ogro.com\/projects\/degenerauerj\/wp-json\/wp\/v2\/pages\/6106","targetHints":{"allow":["GET"]}}],"collection":[{"href":"https:\/\/1ogro.com\/projects\/degenerauerj\/wp-json\/wp\/v2\/pages"}],"about":[{"href":"https:\/\/1ogro.com\/projects\/degenerauerj\/wp-json\/wp\/v2\/types\/page"}],"author":[{"embeddable":true,"href":"https:\/\/1ogro.com\/projects\/degenerauerj\/wp-json\/wp\/v2\/users\/1"}],"replies":[{"embeddable":true,"href":"https:\/\/1ogro.com\/projects\/degenerauerj\/wp-json\/wp\/v2\/comments?post=6106"}],"version-history":[{"count":12,"href":"https:\/\/1ogro.com\/projects\/degenerauerj\/wp-json\/wp\/v2\/pages\/6106\/revisions"}],"predecessor-version":[{"id":6432,"href":"https:\/\/1ogro.com\/projects\/degenerauerj\/wp-json\/wp\/v2\/pages\/6106\/revisions\/6432"}],"wp:attachment":[{"href":"https:\/\/1ogro.com\/projects\/degenerauerj\/wp-json\/wp\/v2\/media?parent=6106"}],"curies":[{"name":"wp","href":"https:\/\/api.w.org\/{rel}","templated":true}]}}